{"id":2619,"date":"2018-10-15T09:11:29","date_gmt":"2018-10-15T09:11:29","guid":{"rendered":"http:\/\/www.europaforum2019.ee\/arendamisel\/?page_id=2619"},"modified":"2019-09-21T16:22:34","modified_gmt":"2019-09-21T16:22:34","slug":"young-ambassador-competition","status":"publish","type":"page","link":"https:\/\/www.europaforum2019.ee\/fr\/young-ambassador-competition\/","title":{"rendered":"Concours Jeune Ambassadeur"},"content":{"rendered":"<p>[vc_row css=&#8221;.vc_custom_1528724670702{background-color: #f5f3f2 !important;}&#8221;][vc_column][vc_row_inner type=&#8221;boxed&#8221;][vc_column_inner][vc_column_text]<\/p>\n<h2><strong><span style=\"color: #3c64a4;\">CONCOURS JEUNE AMBASSADEUR\u00a0\u00a0<img loading=\"lazy\" class=\"size-full wp-image-856 alignright\" src=\"https:\/\/www.europaforum2019.ee\/wp-content\/uploads\/2018\/09\/YAA-1.png\" alt=\"\" width=\"160\" height=\"215\" \/><br \/>\n<\/span><\/strong><\/h2>\n<p><strong><span style=\"color: #3c64a4;\">BIENVENUE AU Prix Bert Masson du Jeune Ambassadeur 2019 \u00e0 TALLINN!<br \/>\n<\/span><\/strong><\/p>\n<p>Chaque membre du Forum Europa est invit\u00e9 \u00e0 pr\u00e9senter son finaliste pour la 12 \u00e8me \u00e9dition du Prix Europ\u00e9en du Jeune Ambassadeur. Seuls les finalistes du concours national peuvent participer. De plus amples informations peuvent \u00eatre obtenues aupr\u00e8s duresponsable local du Jeune Ambassadeur ou du Comit\u00e9 Europ\u00e9en du Jeune Ambassadeur.<\/p>\n<p><strong><span style=\"color: #3c64a4;\">INFORMATIONS G\u00c9N\u00c9RALES<\/span><\/strong><\/p>\n<p>Le but du prix du Jeune Ambassadeur est double:<\/p>\n<ul>\n<li>Reconna\u00eetre, encourager et soutenir les jeunes qui participent activement aux actions sociales de la communaut\u00e9<\/li>\n<li>\u00c9lever le profil des Lions et accro\u00eetre nos propres activit\u00e9s de service<\/li>\n<\/ul>\n<p>Afin de reconna\u00eetre ces jeunes, un concours entre les finalistes Europ\u00e9ens aura lieu lors du Forum Europa annuel. Des prix seront d\u00e9cern\u00e9s aux finalistes gagnants.<\/p>\n<p>Le texte ci-dessous est un extrait des r\u00e8gles. En cas de doute, seule la version officielle du r\u00e8glement sera valide.<\/p>\n<p><span style=\"color: #3c64a4;\"><strong>Participants<\/strong><\/span><\/p>\n<ol>\n<li>Pour \u00eatre \u00e9ligibles, les finalistes ne doivent pas avoir moins de 15 ans ni plus de 19 ans au 30 juin de l\u00b4ann\u00e9e o\u00f9 se tient le Forum Europa.<\/li>\n<li>Chaque membre du Forum Europa peut d\u00e9signer un seul et unique participant pour le concours.<\/li>\n<li>Les finalistes doivent \u00eatre inscrits aupr\u00e8s du Pr\u00e9sident du Comit\u00e9 Europ\u00e9en avant la fin du mois de juillet de l\u2019ann\u00e9e du concours, en utilisant le formulaire de candidature fourni.<\/li>\n<li>Les frais de participation des finalistes seront \u00e0 la charge des membres entrants.<\/li>\n<\/ol>\n<p><span style=\"color: #3c64a4;\"><strong>Concours<\/strong><\/span><\/p>\n<p>Chaque finaliste sera interrog\u00e9 par trois juges. Les juges sont des \u00ab\u00a0non-Lions\u00a0\u00bb, hommes et femmes, issus du domaine des services, de l\u00b4\u00e9ducation et de l\u00b4industrie. Ils noteront les finalistes sur leurs activit\u00e9s de service \u00e0 la communaut\u00e9, leurs qualit\u00e9s de personnalit\u00e9 et de leadership, leur utilisation du prix mon\u00e9taire et leur capacit\u00e9 de parler de leur activit\u00e9 de service.<\/p>\n<p><span style=\"color: #3c64a4;\"><strong>Prix<\/strong><\/span><\/p>\n<p>Les prix suivants peuvent \u00eatre gagn\u00e9s:<br \/>\nLes prix seront attribu\u00e9s comme suit et doivent \u00eatre d\u00e9pens\u00e9s pour leur projet:<br \/>\n1er prix:\u00a0 \u00a0 \u00a0 \u00a03.500 EUR<br \/>\n2\u00e8me prix:\u00a0\u00a0 1.500 EUR<br \/>\n3\u00e8me prix:\u00a0 \u00a0500 EUR<\/p>\n<p>Vous povez trouver les informations d\u00e9taill\u00e9es dans les fichiers suivants:\u00a0 \u00a0\u00a0<a href=\"https:\/\/www.europaforum2019.ee\/wp-content\/uploads\/2018\/10\/R\u00e9glement-Int\u00e9rieur.pdf\">R\u00e9glement Int\u00e9rieur<\/a>\u00a0 et\u00a0 \u00a0<a href=\"https:\/\/www.europaforum2019.ee\/wp-content\/uploads\/2018\/10\/Formulaire-de-Candidature.pdf\">Formulaire de Candidature<\/a>.[\/vc_column_text][\/vc_column_inner][\/vc_row_inner][\/vc_column][\/vc_row]<\/p>\n","protected":false},"excerpt":{"rendered":"<p>[vc_row css=&#8221;.vc_custom_1528724670702{background-color: #f5f3f2 !important;}&#8221;][vc_column][vc_row_inner type=&#8221;boxed&#8221;][vc_column_inner][vc_column_text] CONCOURS JEUNE AMBASSADEUR\u00a0\u00a0 BIENVENUE AU Prix Bert Masson du Jeune Ambassadeur 2019 \u00e0 TALLINN! Chaque membre du Forum Europa est invit\u00e9 \u00e0 pr\u00e9senter son finaliste pour la 12 \u00e8me \u00e9dition du Prix Europ\u00e9en du Jeune Ambassadeur. Seuls les finalistes du concours national peuvent participer. De plus amples informations peuvent \u00eatre [&hellip;]<\/p>\n","protected":false},"author":5,"featured_media":0,"parent":0,"menu_order":0,"comment_status":"closed","ping_status":"closed","template":"page-full-width.php","meta":[],"categories":[33],"tags":[],"_links":{"self":[{"href":"https:\/\/www.europaforum2019.ee\/fr\/wp-json\/wp\/v2\/pages\/2619"}],"collection":[{"href":"https:\/\/www.europaforum2019.ee\/fr\/wp-json\/wp\/v2\/pages"}],"about":[{"href":"https:\/\/www.europaforum2019.ee\/fr\/wp-json\/wp\/v2\/types\/page"}],"author":[{"embeddable":true,"href":"https:\/\/www.europaforum2019.ee\/fr\/wp-json\/wp\/v2\/users\/5"}],"replies":[{"embeddable":true,"href":"https:\/\/www.europaforum2019.ee\/fr\/wp-json\/wp\/v2\/comments?post=2619"}],"version-history":[{"count":19,"href":"https:\/\/www.europaforum2019.ee\/fr\/wp-json\/wp\/v2\/pages\/2619\/revisions"}],"predecessor-version":[{"id":8322,"href":"https:\/\/www.europaforum2019.ee\/fr\/wp-json\/wp\/v2\/pages\/2619\/revisions\/8322"}],"wp:attachment":[{"href":"https:\/\/www.europaforum2019.ee\/fr\/wp-json\/wp\/v2\/media?parent=2619"}],"wp:term":[{"taxonomy":"category","embeddable":true,"href":"https:\/\/www.europaforum2019.ee\/fr\/wp-json\/wp\/v2\/categories?post=2619"},{"taxonomy":"post_tag","embeddable":true,"href":"https:\/\/www.europaforum2019.ee\/fr\/wp-json\/wp\/v2\/tags?post=2619"}],"curies":[{"name":"wp","href":"https:\/\/api.w.org\/{rel}","templated":true}]}}

<p>[vc_row css=&#8221;.vc_custom_1528724670702{background-color: #f5f3f2 !important;}&#8221;][vc_column][vc_row_inner type=&#8221;boxed&#8221;][vc_column_inner][vc_column_text]</p>
<h2><strong><span style="color: #3c64a4;">CONCOURS JEUNE AMBASSADEUR  <img loading="lazy" class="size-full wp-image-856 alignright" src="https://www.europaforum2019.ee/wp-content/uploads/2018/09/YAA-1.png" alt="" width="160" height="215" /><br />
</span></strong></h2>
<p><strong><span style="color: #3c64a4;">BIENVENUE AU Prix Bert Masson du Jeune Ambassadeur 2019 à TALLINN!<br />
</span></strong></p>
<p>Chaque membre du Forum Europa est invité à présenter son finaliste pour la 12 ème édition du Prix Européen du Jeune Ambassadeur. Seuls les finalistes du concours national peuvent participer. De plus amples informations peuvent être obtenues auprès duresponsable local du Jeune Ambassadeur ou du Comité Européen du Jeune Ambassadeur.</p>
<p><strong><span style="color: #3c64a4;">INFORMATIONS GÉNÉRALES</span></strong></p>
<p>Le but du prix du Jeune Ambassadeur est double:</p>
<ul>
<li>Reconnaître, encourager et soutenir les jeunes qui participent activement aux actions sociales de la communauté</li>
<li>Élever le profil des Lions et accroître nos propres activités de service</li>
</ul>
<p>Afin de reconnaître ces jeunes, un concours entre les finalistes Européens aura lieu lors du Forum Europa annuel. Des prix seront décernés aux finalistes gagnants.</p>
<p>Le texte ci-dessous est un extrait des règles. En cas de doute, seule la version officielle du règlement sera valide.</p>
<p><span style="color: #3c64a4;"><strong>Participants</strong></span></p>
<ol>
<li>Pour être éligibles, les finalistes ne doivent pas avoir moins de 15 ans ni plus de 19 ans au 30 juin de l´année où se tient le Forum Europa.</li>
<li>Chaque membre du Forum Europa peut désigner un seul et unique participant pour le concours.</li>
<li>Les finalistes doivent être inscrits auprès du Président du Comité Européen avant la fin du mois de juillet de l’année du concours, en utilisant le formulaire de candidature fourni.</li>
<li>Les frais de participation des finalistes seront à la charge des membres entrants.</li>
</ol>
<p><span style="color: #3c64a4;"><strong>Concours</strong></span></p>
<p>Chaque finaliste sera interrogé par trois juges. Les juges sont des « non-Lions », hommes et femmes, issus du domaine des services, de l´éducation et de l´industrie. Ils noteront les finalistes sur leurs activités de service à la communauté, leurs qualités de personnalité et de leadership, leur utilisation du prix monétaire et leur capacité de parler de leur activité de service.</p>
<p><span style="color: #3c64a4;"><strong>Prix</strong></span></p>
<p>Les prix suivants peuvent être gagnés:<br />
Les prix seront attribués comme suit et doivent être dépensés pour leur projet:<br />
1er prix:       3.500 EUR<br />
2ème prix:   1.500 EUR<br />
3ème prix:   500 EUR</p>
<p>Vous povez trouver les informations détaillées dans les fichiers suivants:    <a href="https://www.europaforum2019.ee/wp-content/uploads/2018/10/Réglement-Intérieur.pdf">Réglement Intérieur</a>  et   <a href="https://www.europaforum2019.ee/wp-content/uploads/2018/10/Formulaire-de-Candidature.pdf">Formulaire de Candidature</a>.[/vc_column_text][/vc_column_inner][/vc_row_inner][/vc_column][/vc_row]</p>

<p>[vc_row css=&#8221;.vc_custom_1528724670702{background-color: #f5f3f2 !important;}&#8221;][vc_column][vc_row_inner type=&#8221;boxed&#8221;][vc_column_inner][vc_column_text] CONCOURS JEUNE AMBASSADEUR   BIENVENUE AU Prix Bert Masson du Jeune Ambassadeur 2019 à TALLINN! Chaque membre du Forum Europa est invité à présenter son finaliste pour la 12 ème édition du Prix Européen du Jeune Ambassadeur. Seuls les finalistes du concours national peuvent participer. De plus amples informations peuvent être [&hellip;]</p>
