{"id":2586,"date":"2018-10-15T07:16:49","date_gmt":"2018-10-15T07:16:49","guid":{"rendered":"http:\/\/www.europaforum2019.ee\/arendamisel\/?page_id=2586"},"modified":"2019-09-21T16:36:20","modified_gmt":"2019-09-21T16:36:20","slug":"people","status":"publish","type":"page","link":"https:\/\/www.europaforum2019.ee\/fr\/people\/","title":{"rendered":"People"},"content":{"rendered":"<p>[vc_row css=&#8221;.vc_custom_1535095671911{background-image: url(https:\/\/www.europaforum2019.ee\/wp-content\/uploads\/2018\/08\/people-taust.jpg?id=470) !important;background-position: center !important;background-repeat: no-repeat !important;background-size: cover !important;}&#8221;][vc_column][vc_single_image image=&#8221;3164&#8243; img_size=&#8221;full&#8221; alignment=&#8221;right&#8221; el_class=&#8221;header-pilt&#8221;][\/vc_column][\/vc_row][vc_row el_class=&#8221;laius-people&#8221;][vc_column][vc_row_inner type=&#8221;boxed&#8221;][vc_column_inner width=&#8221;1\/3&#8243;][vc_single_image image=&#8221;69&#8243; img_size=&#8221;full&#8221;][vc_column_text]Pr\u00e9sident du Forum<br \/>\nRelations internationales<\/p>\n<p>PID Kalle Elster<br \/>\nM: <a href=\"telto:+372 504 8865\">+372 504 8865<\/a><br \/>\nE: <a href=\"mailto:kalle.elster@lions.ee\">kalle.elster@lions.ee<\/a>[\/vc_column_text][\/vc_column_inner][vc_column_inner width=&#8221;1\/3&#8243;][vc_single_image image=&#8221;343&#8243; img_size=&#8221;full&#8221;][vc_column_text]Tr\u00e9sori\u00e8re<br \/>\nTiina Mirka<br \/>\nE: <a href=\"mailto:info@europaforum2019.ee\">info@europaforum2019.ee<\/a>[\/vc_column_text][\/vc_column_inner][vc_column_inner width=&#8221;1\/3&#8243;][vc_single_image image=&#8221;219&#8243; img_size=&#8221;full&#8221;][vc_column_text]Secr\u00e9taire G\u00e9n\u00e9rale<br \/>\nMadis Sinij\u00e4rv<br \/>\nM: <a href=\"telto:+372 56247885\">+372 5624 7885<\/a><br \/>\nE: <a href=\"mailto:generalsecretary@europaforum2019.ee\">generalsecretary@europaforum2019.ee<\/a>\u00a0[\/vc_column_text][\/vc_column_inner][\/vc_row_inner][vc_row_inner type=&#8221;boxed&#8221;][vc_column_inner width=&#8221;1\/3&#8243;][vc_single_image image=&#8221;220&#8243; img_size=&#8221;full&#8221;][vc_column_text]Directeur du Programme<br \/>\nDG M\u00e4rt Viileberg<br \/>\nM: <a href=\"telto:+372 504 8203\">+372 504 8203<\/a><br \/>\nE:<a href=\"mailto:programdirector@europaforum2019.ee\">programdirector@europaforum2019.ee<\/a>[\/vc_column_text][\/vc_column_inner][vc_column_inner width=&#8221;1\/3&#8243;][vc_single_image image=&#8221;411&#8243; img_size=&#8221;full&#8221;][vc_column_text]Chef FE, EAS<br \/>\nRaivo Vilbaste<br \/>\nE: <a href=\"mailto:info@europaforum2019.ee\">info@europaforum2019.ee<\/a>[\/vc_column_text][\/vc_column_inner][vc_column_inner width=&#8221;1\/3&#8243;][vc_column_text]<span style=\"color: #3c64a4; font-size: 10pt;\"><strong>Equipe du Comit\u00e9 H\u00f4te FE2019<br \/>\nGestion<\/strong><\/span><br \/>\n<span style=\"font-size: 10pt;\">PID Kalle Elster &#8211; Pr\u00e9sident du Forum<\/span><br \/>\n<span style=\"font-size: 10pt;\">Madis Sinij\u00e4rv &#8211; Secr\u00e9taire G\u00e9n\u00e9rale<\/span><br \/>\n<span style=\"font-size: 10pt;\">Tiina Mirka &#8211; Tr\u00e9sori\u00e8re<\/span><\/p>\n<p><span style=\"color: #3c64a4; font-size: 10pt;\"><strong>Comit\u00e9 du Programme<\/strong><\/span><br \/>\n<span style=\"font-size: 10pt;\">DG M\u00e4rt Viileberg &#8211; Directeur du Programme<\/span><br \/>\n<span style=\"font-size: 10pt;\">Urve Mets &#8211; Membre<\/span><br \/>\n<span style=\"font-size: 10pt;\">Riina Quak &#8211; Membre<\/span><br \/>\n<span style=\"font-size: 10pt;\">Karin K\u00fcnnapas &#8211; Leo \/ Membre<\/span><br \/>\n<span style=\"font-size: 10pt;\">PDG Ragnar L\u00f5ivukene &#8211; Concours de Jeunes Musiciens<\/span><br \/>\n<span style=\"font-size: 10pt;\">Margus Malla &#8211; Bazar d&#8217;\u00c9changes de Jeunes<br \/>\n<\/span><span style=\"font-size: 10pt;\">Taavo Randna &#8211; Concours Jeune Ambassadeur<\/span>[\/vc_column_text][\/vc_column_inner][\/vc_row_inner][\/vc_column][\/vc_row][vc_row el_class=&#8221;laius-people&#8221;][vc_column][vc_row_inner type=&#8221;boxed&#8221;][vc_column_inner width=&#8221;2\/3&#8243;][vc_single_image image=&#8221;3890&#8243; img_size=&#8221;full&#8221;][\/vc_column_inner][vc_column_inner width=&#8221;1\/3&#8243;][vc_column_text]<span style=\"font-size: 10pt; color: #3c64a4;\"><strong>Comit\u00e9 d&#8217;Op\u00e9ration<br \/>\nProgrammes de <span style=\"color: #3c64a4;\">Soir\u00e9e,<\/span> Vid\u00e9os<\/strong><\/span><\/p>\n<p><span style=\"font-size: 10pt;\">Janek Reimal &#8211; C\u00e9r\u00e9monies d&#8217;Ouverture et de Cl\u00f4ture<\/span><br \/>\n<span style=\"font-size: 10pt;\">PDG Vello Tamm \u2013 D\u00e9fil\u00e9 des nations<\/span><br \/>\n<span style=\"font-size: 10pt;\">Raivo Vilbaste \u2013 Chef FE, EAS<\/span><br \/>\n<span style=\"font-size: 10pt;\">Age Leedo &#8211; \u00c9quipements de Conf\u00e9rence<\/span><br \/>\n<span style=\"font-size: 10pt;\">Mari-Liis Vihul &#8211; Site Internet<\/span><br \/>\n<span style=\"font-size: 10pt;\">Heily Aavik &#8211; Conception de Mat\u00e9riel Promotionnel<\/span><br \/>\n<span style=\"font-size: 10pt;\">Ranno R\u00fc\u00fctsalu &#8211; Mat\u00e9riel Publicitaire<\/span><br \/>\n<span style=\"font-size: 10pt;\">Heiti Elster &#8211; Transport Sp\u00e9cial<\/span><br \/>\n<span style=\"font-size: 10pt;\">PDG Arvi Perv &#8211; B\u00e9n\u00e9voles<\/span><br \/>\n<span style=\"font-size: 10pt;\">RC Karl Ottas \u2013 B\u00e9n\u00e9voles <\/span><br \/>\n<span style=\"font-size: 10pt;\">Marika Tomberg, Kristi Kirsberg \u2013 PR, Press<\/span><br \/>\n<span style=\"font-size: 10pt;\">Meelis Rikko \u2013 M\u00e9dias sociaux<br \/>\n<\/span><span style=\"font-size: 10pt;\">Toomas Veersoo &#8211; badges<\/span><\/p>\n<p><span style=\"font-size: 10pt; color: #3c64a4;\"><strong>L\u00e9os &#8211; secr\u00e9tariat, visites<\/strong><\/span><br \/>\n<span style=\"font-size: 10pt;\">Birgith Puhmas<\/span><br \/>\n<span style=\"font-size: 10pt;\">Kaisa Jette S\u00e4rekanno<\/span><br \/>\n<span style=\"font-size: 10pt;\">Kirke Kr\u00e4mann<\/span><\/p>\n<p><span style=\"font-size: 10pt;\">contact: <a href=\"mailto:info@europaforum2019.ee\">info@europaforum2019.ee<\/a><\/span>[\/vc_column_text][\/vc_column_inner][\/vc_row_inner][\/vc_column][\/vc_row]<\/p>\n","protected":false},"excerpt":{"rendered":"<p>[vc_row css=&#8221;.vc_custom_1535095671911{background-image: url(https:\/\/www.europaforum2019.ee\/wp-content\/uploads\/2018\/08\/people-taust.jpg?id=470) !important;background-position: center !important;background-repeat: no-repeat !important;background-size: cover !important;}&#8221;][vc_column][vc_single_image image=&#8221;3164&#8243; img_size=&#8221;full&#8221; alignment=&#8221;right&#8221; el_class=&#8221;header-pilt&#8221;][\/vc_column][\/vc_row][vc_row el_class=&#8221;laius-people&#8221;][vc_column][vc_row_inner type=&#8221;boxed&#8221;][vc_column_inner width=&#8221;1\/3&#8243;][vc_single_image image=&#8221;69&#8243; img_size=&#8221;full&#8221;][vc_column_text]Pr\u00e9sident du Forum Relations internationales PID Kalle Elster M: +372 504 8865 E: kalle.elster@lions.ee[\/vc_column_text][\/vc_column_inner][vc_column_inner width=&#8221;1\/3&#8243;][vc_single_image image=&#8221;343&#8243; img_size=&#8221;full&#8221;][vc_column_text]Tr\u00e9sori\u00e8re Tiina Mirka E: info@europaforum2019.ee[\/vc_column_text][\/vc_column_inner][vc_column_inner width=&#8221;1\/3&#8243;][vc_single_image image=&#8221;219&#8243; img_size=&#8221;full&#8221;][vc_column_text]Secr\u00e9taire G\u00e9n\u00e9rale Madis Sinij\u00e4rv M: +372 5624 7885 E: generalsecretary@europaforum2019.ee\u00a0[\/vc_column_text][\/vc_column_inner][\/vc_row_inner][vc_row_inner type=&#8221;boxed&#8221;][vc_column_inner width=&#8221;1\/3&#8243;][vc_single_image image=&#8221;220&#8243; img_size=&#8221;full&#8221;][vc_column_text]Directeur [&hellip;]<\/p>\n","protected":false},"author":5,"featured_media":0,"parent":0,"menu_order":0,"comment_status":"closed","ping_status":"closed","template":"page-full-width.php","meta":[],"categories":[],"tags":[],"_links":{"self":[{"href":"https:\/\/www.europaforum2019.ee\/fr\/wp-json\/wp\/v2\/pages\/2586"}],"collection":[{"href":"https:\/\/www.europaforum2019.ee\/fr\/wp-json\/wp\/v2\/pages"}],"about":[{"href":"https:\/\/www.europaforum2019.ee\/fr\/wp-json\/wp\/v2\/types\/page"}],"author":[{"embeddable":true,"href":"https:\/\/www.europaforum2019.ee\/fr\/wp-json\/wp\/v2\/users\/5"}],"replies":[{"embeddable":true,"href":"https:\/\/www.europaforum2019.ee\/fr\/wp-json\/wp\/v2\/comments?post=2586"}],"version-history":[{"count":26,"href":"https:\/\/www.europaforum2019.ee\/fr\/wp-json\/wp\/v2\/pages\/2586\/revisions"}],"predecessor-version":[{"id":8346,"href":"https:\/\/www.europaforum2019.ee\/fr\/wp-json\/wp\/v2\/pages\/2586\/revisions\/8346"}],"wp:attachment":[{"href":"https:\/\/www.europaforum2019.ee\/fr\/wp-json\/wp\/v2\/media?parent=2586"}],"wp:term":[{"taxonomy":"category","embeddable":true,"href":"https:\/\/www.europaforum2019.ee\/fr\/wp-json\/wp\/v2\/categories?post=2586"},{"taxonomy":"post_tag","embeddable":true,"href":"https:\/\/www.europaforum2019.ee\/fr\/wp-json\/wp\/v2\/tags?post=2586"}],"curies":[{"name":"wp","href":"https:\/\/api.w.org\/{rel}","templated":true}]}}

<p>[vc_row css=&#8221;.vc_custom_1535095671911{background-image: url(https://www.europaforum2019.ee/wp-content/uploads/2018/08/people-taust.jpg?id=470) !important;background-position: center !important;background-repeat: no-repeat !important;background-size: cover !important;}&#8221;][vc_column][vc_single_image image=&#8221;3164&#8243; img_size=&#8221;full&#8221; alignment=&#8221;right&#8221; el_class=&#8221;header-pilt&#8221;][/vc_column][/vc_row][vc_row el_class=&#8221;laius-people&#8221;][vc_column][vc_row_inner type=&#8221;boxed&#8221;][vc_column_inner width=&#8221;1/3&#8243;][vc_single_image image=&#8221;69&#8243; img_size=&#8221;full&#8221;][vc_column_text]Président du Forum<br />
Relations internationales</p>
<p>PID Kalle Elster<br />
M: <a href="telto:+372 504 8865">+372 504 8865</a><br />
E: <a href="mailto:kalle.elster@lions.ee">kalle.elster@lions.ee</a>[/vc_column_text][/vc_column_inner][vc_column_inner width=&#8221;1/3&#8243;][vc_single_image image=&#8221;343&#8243; img_size=&#8221;full&#8221;][vc_column_text]Trésorière<br />
Tiina Mirka<br />
E: <a href="mailto:info@europaforum2019.ee">info@europaforum2019.ee</a>[/vc_column_text][/vc_column_inner][vc_column_inner width=&#8221;1/3&#8243;][vc_single_image image=&#8221;219&#8243; img_size=&#8221;full&#8221;][vc_column_text]Secrétaire Générale<br />
Madis Sinijärv<br />
M: <a href="telto:+372 56247885">+372 5624 7885</a><br />
E: <a href="mailto:generalsecretary@europaforum2019.ee">generalsecretary@europaforum2019.ee</a> [/vc_column_text][/vc_column_inner][/vc_row_inner][vc_row_inner type=&#8221;boxed&#8221;][vc_column_inner width=&#8221;1/3&#8243;][vc_single_image image=&#8221;220&#8243; img_size=&#8221;full&#8221;][vc_column_text]Directeur du Programme<br />
DG Märt Viileberg<br />
M: <a href="telto:+372 504 8203">+372 504 8203</a><br />
E:<a href="mailto:programdirector@europaforum2019.ee">programdirector@europaforum2019.ee</a>[/vc_column_text][/vc_column_inner][vc_column_inner width=&#8221;1/3&#8243;][vc_single_image image=&#8221;411&#8243; img_size=&#8221;full&#8221;][vc_column_text]Chef FE, EAS<br />
Raivo Vilbaste<br />
E: <a href="mailto:info@europaforum2019.ee">info@europaforum2019.ee</a>[/vc_column_text][/vc_column_inner][vc_column_inner width=&#8221;1/3&#8243;][vc_column_text]<span style="color: #3c64a4; font-size: 10pt;"><strong>Equipe du Comité Hôte FE2019<br />
Gestion</strong></span><br />
<span style="font-size: 10pt;">PID Kalle Elster &#8211; Président du Forum</span><br />
<span style="font-size: 10pt;">Madis Sinijärv &#8211; Secrétaire Générale</span><br />
<span style="font-size: 10pt;">Tiina Mirka &#8211; Trésorière</span></p>
<p><span style="color: #3c64a4; font-size: 10pt;"><strong>Comité du Programme</strong></span><br />
<span style="font-size: 10pt;">DG Märt Viileberg &#8211; Directeur du Programme</span><br />
<span style="font-size: 10pt;">Urve Mets &#8211; Membre</span><br />
<span style="font-size: 10pt;">Riina Quak &#8211; Membre</span><br />
<span style="font-size: 10pt;">Karin Künnapas &#8211; Leo / Membre</span><br />
<span style="font-size: 10pt;">PDG Ragnar Lõivukene &#8211; Concours de Jeunes Musiciens</span><br />
<span style="font-size: 10pt;">Margus Malla &#8211; Bazar d&#8217;Échanges de Jeunes<br />
</span><span style="font-size: 10pt;">Taavo Randna &#8211; Concours Jeune Ambassadeur</span>[/vc_column_text][/vc_column_inner][/vc_row_inner][/vc_column][/vc_row][vc_row el_class=&#8221;laius-people&#8221;][vc_column][vc_row_inner type=&#8221;boxed&#8221;][vc_column_inner width=&#8221;2/3&#8243;][vc_single_image image=&#8221;3890&#8243; img_size=&#8221;full&#8221;][/vc_column_inner][vc_column_inner width=&#8221;1/3&#8243;][vc_column_text]<span style="font-size: 10pt; color: #3c64a4;"><strong>Comité d&#8217;Opération<br />
Programmes de <span style="color: #3c64a4;">Soirée,</span> Vidéos</strong></span></p>
<p><span style="font-size: 10pt;">Janek Reimal &#8211; Cérémonies d&#8217;Ouverture et de Clôture</span><br />
<span style="font-size: 10pt;">PDG Vello Tamm – Défilé des nations</span><br />
<span style="font-size: 10pt;">Raivo Vilbaste – Chef FE, EAS</span><br />
<span style="font-size: 10pt;">Age Leedo &#8211; Équipements de Conférence</span><br />
<span style="font-size: 10pt;">Mari-Liis Vihul &#8211; Site Internet</span><br />
<span style="font-size: 10pt;">Heily Aavik &#8211; Conception de Matériel Promotionnel</span><br />
<span style="font-size: 10pt;">Ranno Rüütsalu &#8211; Matériel Publicitaire</span><br />
<span style="font-size: 10pt;">Heiti Elster &#8211; Transport Spécial</span><br />
<span style="font-size: 10pt;">PDG Arvi Perv &#8211; Bénévoles</span><br />
<span style="font-size: 10pt;">RC Karl Ottas – Bénévoles </span><br />
<span style="font-size: 10pt;">Marika Tomberg, Kristi Kirsberg – PR, Press</span><br />
<span style="font-size: 10pt;">Meelis Rikko – Médias sociaux<br />
</span><span style="font-size: 10pt;">Toomas Veersoo &#8211; badges</span></p>
<p><span style="font-size: 10pt; color: #3c64a4;"><strong>Léos &#8211; secrétariat, visites</strong></span><br />
<span style="font-size: 10pt;">Birgith Puhmas</span><br />
<span style="font-size: 10pt;">Kaisa Jette Särekanno</span><br />
<span style="font-size: 10pt;">Kirke Krämann</span></p>
<p><span style="font-size: 10pt;">contact: <a href="mailto:info@europaforum2019.ee">info@europaforum2019.ee</a></span>[/vc_column_text][/vc_column_inner][/vc_row_inner][/vc_column][/vc_row]</p>

<p>[vc_row css=&#8221;.vc_custom_1535095671911{background-image: url(https://www.europaforum2019.ee/wp-content/uploads/2018/08/people-taust.jpg?id=470) !important;background-position: center !important;background-repeat: no-repeat !important;background-size: cover !important;}&#8221;][vc_column][vc_single_image image=&#8221;3164&#8243; img_size=&#8221;full&#8221; alignment=&#8221;right&#8221; el_class=&#8221;header-pilt&#8221;][/vc_column][/vc_row][vc_row el_class=&#8221;laius-people&#8221;][vc_column][vc_row_inner type=&#8221;boxed&#8221;][vc_column_inner width=&#8221;1/3&#8243;][vc_single_image image=&#8221;69&#8243; img_size=&#8221;full&#8221;][vc_column_text]Président du Forum Relations internationales PID Kalle Elster M: +372 504 8865 E: kalle.elster@lions.ee[/vc_column_text][/vc_column_inner][vc_column_inner width=&#8221;1/3&#8243;][vc_single_image image=&#8221;343&#8243; img_size=&#8221;full&#8221;][vc_column_text]Trésorière Tiina Mirka E: info@europaforum2019.ee[/vc_column_text][/vc_column_inner][vc_column_inner width=&#8221;1/3&#8243;][vc_single_image image=&#8221;219&#8243; img_size=&#8221;full&#8221;][vc_column_text]Secrétaire Générale Madis Sinijärv M: +372 5624 7885 E: generalsecretary@europaforum2019.ee [/vc_column_text][/vc_column_inner][/vc_row_inner][vc_row_inner type=&#8221;boxed&#8221;][vc_column_inner width=&#8221;1/3&#8243;][vc_single_image image=&#8221;220&#8243; img_size=&#8221;full&#8221;][vc_column_text]Directeur [&hellip;]</p>
